4
What is the remainder when 528 is divided by 51?
18
What is the remainder when 479 is divided by 16?
15
What is the remainder when 214 is divided by 12?
10
What is the remainder when 147 is divided by 74?
73
What is the remainder when 63 is divided by 8?
7
Calculate the remainder when 1123 is divided by 24.
19
Calculate the remainder when 619 is divided by 152.
11
What is the remainder when 250 is divided by 122?
6
Calculate the remainder when 51049 is divided by 119.
117
What is the remainder when 438 is divided by 40?
38
What is the remainder when 12528 is divided by 14?
12
Calculate the remainder when 1145 is divided by 193.
180
Calculate the remainder when 90 is divided by 17.
5
Calculate the remainder when 1333 is divided by 15.
13
What is the remainder when 51 is divided by 14?
9
Calculate the remainder when 7192 is divided by 11.
9
What is the remainder when 15007 is divided by 7?
6
Calculate the remainder when 644 is divided by 93.
86
Calculate the remainder when 2271 is divided by 25.
21
Calculate the remainder when 500 is divided by 234.
32
Calculate the remainder when 2234 is divided by 15.
14
What is the remainder when 659 is divided by 201?
56
Calculate the remainder when 349 is divided by 52.
37
Calculate the remainder when 1116 is divided by 220.
16
Calculate the remainder when 313 is divided by 16.
9
Calculate the remainder when 497 is divided by 163.
8
What is the remainder when 814 is divided by 229?
127
What is the remainder when 1469 is divided by 16?
13
What is the remainder when 35 is divided by 9?
8
What is the remainder when 57 is divided by 40?
17
What is the remainder when 58 is divided by 9?
4
What is the remainder when 4360 is divided by 438?
418
What is the remainder when 182 is divided by 63?
56
Calculate the remainder when 3108 is divided by 1549.
10
Calculate the remainder when 64 is divided by 37.
27
Calculate the remainder when 1409 is divided by 31.
14
What is the remainder when 1705 is divided by 28?
25
What is the remainder when 491 is divided by 11?
7
Calculate the remainder when 428 is divided by 124.
56
What is the remainder when 41 is divided by 3?
2
What is the remainder when 566 is divided by 151?
113
What is the remainder when 12995 is divided by 4329?
8
Calculate the remainder when 34 is divided by 16.
2
Calculate the remainder when 54 is divided by 21.
12
What is the remainder when 528 is divided by 108?
96
What is the remainder when 8204 is divided by 8?
4
Calculate the remainder when 1010 is divided by 68.
58
Calculate the remainder when 247 is divided by 31.
30
What is the remainder when 968 is divided by 347?
274
What is the remainder when 78 is divided by 20?
18
What is the remainder when 154 is divided by 16?
10
What is the remainder when 667 is divided by 16?
11
Calculate the remainder when 133 is divided by 24.
13
Calculate the remainder when 167 is divided by 43.
38
What is the remainder when 142 is divided by 2?
0
What is the remainder when 7625 is divided by 70?
65
Calculate the remainder when 61 is divided by 22.
17
What is the remainder when 15418 is divided by 20?
18
Calculate the remainder when 206 is divided by 34.
2
Calculate the remainder when 1241 is divided by 54.
53
What is the remainder when 15598 is divided by 20?
18
Calculate the remainder when 419 is divided by 20.
19
Calculate the remainder when 339 is divided by 70.
59
What is the remainder when 184 is divided by 48?
40
Calculate the remainder when 106 is divided by 36.
34
Calculate the remainder when 269 is divided by 34.
31
What is the remainder when 422 is divided by 85?
82
What is the remainder when 2115 is divided by 19?
6
Calculate the remainder when 102 is divided by 56.
46
Calculate the remainder when 620 is divided by 75.
20
What is the remainder when 95 is divided by 65?
30
What is the remainder when 337 is divided by 43?
36
Calculate the remainder when 822 is divided by 104.
94
What is the remainder when 530 is divided by 89?
85
What is the remainder when 310 is divided by 36?
22
What is the remainder when 78 is divided by 69?
9
Calculate the remainder when 134 is divided by 63.
8
What is the remainder when 246 is divided by 32?
22
What is the remainder when 73 is divided by 26?
21
What is the remainder when 666 is divided by 96?
90
Calculate the remainder when 119 is divided by 8.
7
What is the remainder when 2278 is divided by 60?
58
Calculate the remainder when 48 is divided by 11.
4
What is the remainder when 779 is divided by 71?
69
Calculate the remainder when 949 is divided by 3.
1
Calculate the remainder when 301 is divided by 19.
16
Calculate the remainder when 218 is divided by 5.
3
What is the remainder when 17202 is divided by 44?
42
What is the remainder when 7290 is divided by 280?
10
Calculate the remainder when 394 is divided by 48.
10
What is the remainder when 1876 is divided by 47?
43
What is the remainder when 196 is divided by 193?
3
What is the remainder when 39 is divided by 5?
4
What is the remainder when 9 is divided by 9?
0
What is the remainder when 1402 is divided by 78?
76
Calculate the remainder when 6665 is divided by 22.
21
Calculate the remainder when 275 is divided by 70.
65
What is the remainder when 812 is divided by 39?
32
What is the remainder when 16249 is divided by 4?
1
What is the remainder when 582 is divided by 5?
2
Calculate the remainder when 820 is divided by 18.
10
Calculate the remainder when 116 is divided by 37.
5
What is the remainder when 5645 is divided by 18?
11
What is the remainder when 901 is divided by 21?
19
What is the remainder when 346 is divided by 69?
1
Calculate the remainder when 22 is divided by 15.
7
Calculate the remainder when 419 is divided by 60.
59
What is the remainder when 2437 is divided by 53?
52
Calculate the remainder when 45 is divided by 19.
7
What is the remainder when 1610 is divided by 124?
122
Calculate the remainder when 297 is divided by 38.
31
Calculate the remainder when 81 is divided by 23.
12
What is the remainder when 1229 is divided by 112?
109
What is the remainder when 44 is divided by 15?
14
Calculate the remainder when 2479 is divided by 20.
19
What is the remainder when 1382 is divided by 19?
14
Calculate the remainder when 1416 is divided by 692.
32
Calculate the remainder when 101 is divided by 35.
31
What is the remainder when 12914 is divided by 5?
4
Calculate the remainder when 1322 is divided by 327.
14
Calculate the remainder when 688 is divided by 2.
0
Calculate the remainder when 2342 is divided by 94.
86
Calculate the remainder when 22 is divided by 16.
6
What is the remainder when 99 is divided by 60?
39
What is the remainder when 8237 is divided by 2?
1
Calculate the remainder when 48 is divided by 8.
0
Calculate the remainder when 39 is divided by 8.
7
Calculate the remainder when 15 is divided by 13.
2
Calculate the remainder when 112 is divided by 24.
16
Calculate the remainder when 176 is divided by 93.
83
Calculate the remainder when 303 is divided by 35.
23
Calculate the remainder when 40 is divided by 7.
5
Calculate the remainder when 96 is divided by 33.
30
Calculate the remainder when 603 is divided by 77.
64
Calculate the remainder when 142 is divided by 120.
22
What is the remainder when 2443 is divided by 310?
273
What is the remainder when 8824 is divided by 91?
88
What is the remainder when 446 is divided by 84?
26
Calculate the remainder when 82 is divided by 25.
7
What is the remainder when 17238 is divided by 40?
38
Calculate the remainder when 3040 is divided by 337.
7
Calculate the remainder when 301 is divided by 16.
13
What is the remainder when 9023 is divided by 74?
69
What is the remainder when 1988 is divided by 153?
152
What is the remainder when 1004 is divided by 42?
38
What is the remainder when 33 is divided by 22?
11
Calculate the remainder when 269 is divided by 12.
5
Calculate the remainder when 372 is divided by 8.
4
What is the remainder when 1876 is divided by 7?
0
Calculate the remainder when 2175 is divided by 34.
33
What is the remainder when 3626 is divided by 117?
116
Calculate the remainder when 234 is divided by 107.
20
What is the remainder when 3099 is divided by 31?
30
What is the remainder when 13265 is divided by 107?
104
What is the remainder when